0).
-19
Let o(d) = -d**3 - 11*d**2 - 2*d - 20. What is o(-11)?
2
Let j(p) = p**2 - 14*p + 61. Calculate j(10).
21
Let v(g) = -g**3 - g**2 + 4*g - 1. Give v(-3).
5
Let c(n) = -n**2 + 26*n - 46. What is c(24)?
2
Let v(z) = -6*z**2 - 7. Determine v(3).
-61
Let z(s) = s**2 + 10*s + 8. What is z(-8)?
-8
Let k(v) = -v**3 - 23*v**2 + 25*v - 4. Determine k(-24).
-28
Let f(s) = -15*s + 57. Determine f(4).
-3
Let r(p) = p + 2. Determine r(-3).
-1
Let z(o) = 3*o**2 + o. Determine z(-3).
24
Let w(m) = m**2 - 8*m - 102. Calculate w(-7).
3
Let n(p) = 11*p - 124. Determine n(12).
8
Let t(g) = -g**3 - 6*g**2 - 6*g - 12. Calculate t(-5).
-7
Let x(u) = u**2 - 9*u - 15. Calculate x(11).
7
Let h(f) = -26*f - 70. Give h(6).
-226
Let b(r) = r**2 + 2*r - 3. What is b(-3)?
0
Let x(o) = -7*o + 14. Give x(-6).
56
Let j(s) = 2*s**2 + 24*s - 29. What is j(-13)?
-3
Let g(a) = -a**2 + 74. Determine g(9).
-7
Let c(o) = o**3 + 6*o**2 + 2*o + 5. What is c(-4)?
29
Let v(g) = -g**3 - 3*g**2 + g + 6. Calculate v(-2).
0
Let z(t) = -t**2 + 10*t - 1. Determine z(5).
24
Let a(q) = 4*q**2 - 4*q + 4. What is a(2)?
12
Let h(o) = -2*o**2 + 68*o + 77. Determine h(35).
7
Let f(y) = y**2 - 9*y + 10. Determine f(10).
20
Let k(h) = h + 40. What is k(-9)?
31
Let p(z) = z**3 - 6*z**2 + 9*z. Give p(5).
20
Let m(b) = -4*b**2 + 16*b - 29. Calculate m(2).
-13
Let q(g) = -g**3 - 31*g**2 + 4*g + 96. Give q(-31).
-28
Let x(t) = t**2 - 7*t - 3. Give x(5).
-13
Let k(s) = -s**2 + 6*s - 23. What is k(6)?
-23
Let o(t) = 33*t**2 + 74*t + 3. What is o(-2)?
-13
Let j(y) = 5*y**2 + 17*y - 35. Give j(-5).
5
Let l(o) = o**3 + 19*o**2 + 60*o + 7. What is l(-4)?
7
Let q(c) = 3*c**3 - 23*c**2 + 14*c - 4. What is q(7)?
-4
Let x(t) = -t**3 - 5*t**2 - t. Calculate x(-3).
-15
Let d(n) = n**2 - 19*n + 78. Calculate d(11).
-10
Let b(y) = 8*y**2 - y. Determine b(1).
7
Let w(t) = -5*t**3 + 5*t**2 + 4*t. Calculate w(-1).
6
Let r(u) = u**3 + 3*u**2 + u. What is r(-2)?
2
Let s(o) = 10*o + 40. Give s(-13).
-90
Let x(a) = a**3 + 8*a**2 + 12*a - 5. What is x(-3)?
4
Let v(h) = -h**2 - h - 3. Determine v(-2).
-5
Let m(p) = 2*p**3 + 26*p**2 - 22*p + 70. Give m(-14).
-14
Let v(a) = a**3 - 7*a**2 + 5*a. Give v(4).
-28
Let p(a) = 2*a - 35. Determine p(14).
-7
Let n(c) = 3*c + 21. Give n(-14).
-21
Let h(r) = -r**3 - 6*r**2 + 18*r + 11. Determine h(-7).
-66
Let o(u) = u**2 - 5. Give o(2).
-1
Let v(b) = b**2 + 2*b - 4. Give v(7).
59
Let l(v) = -v**3 + 16*v**2 - 26*v - 34. What is l(14)?
-6
Let y(j) = -7*j - 29. Give y(-10).
41
Let x(r) = r + 10. Determine x(-8).
2
Let f(b) = b**3 - 8*b**2 - 11*b + 13. What is f(9)?
-5
Let h(w) = w**3 - 7*w**2 + 4*w + 14. Determine h(6).
2
Let n(z) = -7*z**2 - 14*z + 5. What is n(2)?
-51
Let v(g) = 16*g + 4. Determine v(0).
4
Let a(f) = 10*f + 3. What is a(-1)?
-7
Let w(k) = -k**3 + 4*k**2 + 15*k - 2. Determine w(6).
16
Let s(g) = -g**3 + 25*g**2 - 22*g - 59. Calculate s(24).
-11
Let m(k) = -k**2 + 39*k + 162. What is m(-4)?
-10
Let f(i) = 51*i - 3. Determine f(-1).
-54
Let t(y) = 4*y**2 + 22*y - 6. Give t(-6).
6
Let s(v) = 2*v**3 + 2*v**2 + 12. Calculate s(-3).
-24
Let s(t) = -t**2 + 2*t - 3. Determine s(6).
-27
Let p(c) = -21*c**2 - 2*c - 1. Calculate p(-1).
-20
Let i(y) = 8*y**2 - 1. Determine i(1).
7
Let f(g) = g**2 - 3*g - 30. Give f(7).
-2
Let o(r) = -r + 12. Calculate o(5).
7
Let v(t) = t - 10. Determine v(3).
-7
Let s(x) = 4*x. What is s(4)?
16
Let d(r) = -2*r**2 + 10*r + 11. Determine d(5).
11
Let z(b) = -5*b - 213. Calculate z(-42).
-3
Let d(z) = -2*z**2 - 8*z + 1. Give d(-3).
7
Let x(w) = -w**2 - 11*w - 27. Give x(-5).
3
Let v(k) = 9*k + 1. What is v(-4)?
-35
Let g(t) = -t**2 - 5*t + 39. Calculate g(-8).
15
Let v(g) = 2*g**2 + 53*g + 21. Determine v(-26).
-5
Let y(o) = -2*o**2 - 21*o - 56. Give y(-6).
-2
Let g(j) = 24*j + 11. Calculate g(-2).
-37
Let s(x) = -65*x + 59. Give s(3).
-136
Let k(z) = z - 3. What is k(6)?
3
Let v(x) = x**3 + 2*x**2 - 10*x - 13. Determine v(-4).
-5
Let t(b) = b**3 - 21*b**2 + 20*b + 8. What is t(20)?
8
Let o(y) = 2*y**2 + 12*y - 138. Calculate o(-12).
6
Let i(k) = -5*k. Determine i(2).
-10
Let s(h) = -2*h + 31. Give s(10).
11
Let o(t) = -t**2 - 20*t - 33. What is o(-18)?
3
Let n(q) = q**2 + 2*q - 42. What is n(-7)?
-7
Let b(j) = 3*j**2 - 27*j - 8. Calculate b(9).
-8
Let w(y) = -2*y**2 - 8*y - 20. Give w(-7).
-62
Let u(b) = 7*b + 62. What is u(-9)?
-1
Let g(s) = -s**3 + 9*s**2 + 21*s + 14. What is g(11)?
3
Let v(k) = k**3 + 2*k**2 - 3*k + 2. Give v(0).
2
Let a(n) = 8*n + 2. What is a(-3)?
-22
Let t(z) = 5*z**3 + 2*z - 1. Give t(1).
6
Let q(f) = -f**3 + 2*f**2 + 2*f - 8. Give q(2).
-4
Let x(t) = -t**2 - 2. What is x(0)?
-2
Let u(a) = -a + 12. What is u(2)?
10
Let a(v) = -654*v - 657. What is a(-1)?
-3
Let b(l) = -11*l - 3. Determine b(-2).
19
Let q(t) = -2*t**2 - 3*t + 2. Calculate q(-7).
-75
Let m(k) = k**3 + 8*k**2 + 5*k + 8. Give m(-5).
58
Let s(n) = -n**3 - 9*n**2 + 23*n + 4. Calculate s(-11).
-7
Let c(j) = j**3 - 6*j**2 + 6. Calculate c(6).
6
Let f(l) = l**3 - 2*l**2 + 3*l - 8. Determine f(0).
-8
Let c(k) = k**3 + k - 4. Calculate c(-2).
-14
Let b(w) = 38*w**2 - 1. What is b(-1)?
37
Let x(i) = -i**2 - 27*i + 524. Give x(-40).
4
Let h(s) = -s**3 + 6*s**2 - 8*s + 12. Calculate h(5).
-3
Let p(g) = -g + 5. Determine p(-9).
14
Let r(y) = -y**2 - 4*y + 37. Give r(7).
-40
Let x(c) = 8*c - 27. Calculate x(4).
5
Let m(x) = x + 55. Determine m(4).
59
Let h(u) = u**2 - 16*u - 7. Give h(17).
10
Let a(f) = -10*f - 146. Give a(-15).
4
Let h(k) = k**3 - k**2 - 5*k - 7. What is h(-3)?
-28
Let u(v) = -v**3 - 13*v**2 - 16*v - 10. What is u(-12)?
38
Let g(m) = -17*m**3 + m**2 + 5*m - 5. Give g(1).
-16
Let h(d) = -10*d + 12. Give h(-4).
52
Let x(v) = 30*v - 116. Determine x(4).
4
Let j(g) = -8*g + 2. Determine j(-1).
10
Let v(n) = -n**3 - n**2 - 6*n - 8. Give v(-2).
8
Let c(h) = -4*h**2 + 5*h - 4. Give c(3).
-25
Let i(n) = n**3 - n**2 - n + 4. Determine i(-2).
-6
Let g(q) = 4*q - 49. Calculate g(8).
-17
Let p(s) = s**3 - 4*s**2 - 7*s - 2. Calculate p(6).
28
Let y(k) = -k**2 + 6*k + 87. Give y(-8).
-25
Let k(p) = 57*p - 112. Calculate k(2).
2
Let i(m) = m**2 - m - 6. What is i(3)?
0
Let m(i) = -i**2 + i + 1. What is m(-3)?
-11
Let b(m) = -m**3 + 4*m**2 - 4*m + 3. Determine b(3).
0
Let n(j) = -j**2 - 8*j + 20. Give n(-9).
11
Let r(i) = -8*i - 2. Calculate r(-1).
6
Let b(c) = -c**3 + 2*c**2 + 4*c. Determine b(4).
-16
Let v(p) = -p**3 + 9*p**2 - 7*p - 9. Calculate v(8).
-1
Let q(s) = s**3 - 14*s**2 + 41*s - 11. Determine q(10).
-1
Let u(j) = -5*j**3 + 89*j**2 + 19*j - 31. Give u(18).
-13
Let i(l) = 2*l**2 - 16*l - 56. Determine i(10).
-16
Let b(m) = m - 14. Determine b(10).
-4
Let o(q) = 11*q + 129. Give o(-12).
-3
Let b(h) = 2*h - 48. Determine b(15).
-18
Let k(t) = 6*t**2 + 20*t + 3. Give k(-5).
53
Let j(o) = -3*o - 39. Give j(-12).
-3
Let d(h) = 3*h**2 + 6*h - 7. What is d(-3)?
2
Let y(i) = -4*i - 44. Determine y(-4).
-28
Let m(a) = -6*a - 75. Give m(-12).
-3
Let u(d) = d**3 - 36*d**2 + 205*d - 14. Calculate u(7).
0
Let o(g) = -12*g + 180. Determine o(16).
-12
Let n(f) = -f**3 - 14*f**2 + 2*f + 17. Give n(-14).
-11
Let f(i) = 3*i**2 - 44*i + 24. Give f(14).
-4
Let s(b) = b**2 - 9*b - 4. Determine s(9).
-4
Let u(q) = -q**3 - q**2 + 2*q - 9. Give u(0).
-9
Let w(k) = k**2 + k - 13. Calculate w(2).
-7
Let m(l) = -39*l - 189. Give m(-5).
6
Let x(i) = -i**2 - 6*i - 4. Give x(-5).
1
Let d(f) = 18*f + 18. Determine d(-4).
-54
Let l(x) = 4*x**3 + x**2 - 4. Determine l(2).
32
Let u(p) = p**2 - 4*p + 3. What is u(5)?
8
Let z(c) = c**3 + c**2 - c - 2. Give z(-3).
-17
Let y(p) = p + 14. Determine y(-15).
-1
Let a(z) = z**3 + 8*z**2 + 6*z - 5. What is a(-7)?
2
Let v(g) = -16*g**2 + 2*g - 3. Determine v(1).
-17
Let u(t) = -34*t - 346. Give u(-10).
-6
Let s(k) = k**2 - 8*k + 10. What is s(6)?
-2
Let l(b) = -4*b**2 + 59*b + 6. Calculate l(13).
97
Let g(o) = o**2 + 9*o - 6. Determine g(-9).
-6
Let s(a) = -a**3 - 2*a**2 - 4*a - 3. Calculate s(-3).
18
Let k(f) = 42*f**2 + 3*f + 4. What is k(-1)?
43
Let m(l) = l**2 + 9*l - 15. Determine m(-10).
-5
Let g(p) = p**2 - 26*p - 188. Give g(-6).
4
Let s(r) = -r**2 + 6*r + 33. Calculate s(10).
-7
Let z(n) = 3*n**2 + n. What is z(1)?
4
Let i(r) = r**2 + 3*r + 3. What is i(-6)?
21
Let g(r) = 2*r + 21. What is g(4)?
29
Let p(z) = z**2 + 8*z + 8. Determine p(-6)